{"id":510,"date":"2019-06-30T15:23:22","date_gmt":"2019-06-30T13:23:22","guid":{"rendered":"http:\/\/www.freundeskreis-menschen-mit-behinderung.de\/?p=510"},"modified":"2026-04-15T17:22:49","modified_gmt":"2026-04-15T15:22:49","slug":"der-freundeskreis","status":"publish","type":"page","link":"https:\/\/www.freundeskreis-menschen-mit-behinderung.de\/","title":{"rendered":"Der Freundeskreis"},"content":{"rendered":"\n<p><strong>Freundeskreis f\u00fcr Menschen mit Behinderung e.V.<\/strong><\/p>\n\n\n\n<p><em>F\u00f6rderverein f\u00fcr Menschen mit Behinderung im Diakoneo, <br>Dienste f\u00fcr Menschen mit Behinderung, Neuendettelsau<\/em><\/p>\n\n\n\n<p>Seit \u00fcber 35 Jahren gibt es unseren Freundeskreis f\u00fcr Menschen mit Behinderung. Die meiste Zeit davon haben wir den Namen &#8222;Freundeskreis Friedenshort&#8220; getragen. In dieser Zeit waren die Menschen, um die es ging, Kinder und Jugendliche und junge Erwachsene im Haus Friedenshort in Neuendettelsau. Der Friedenshort geh\u00f6rte zur Behindertenhilfe der Diakonie Neuendettelsau. <\/p>\n\n\n\n<p>Seit alle miteinander im Jahr 2010 in einen Neubau in der Falkenstra\u00dfe umgezogen sind, mussten auch wir unseren Namen \u00e4ndern.<\/p>\n\n\n\n<p>Seitdem unterst\u00fctzen wir Menschen mit Behinderung im gesamten Bereich Diakoneo, Dienste f\u00fcr Menschen mit Behinderung, Neuendettelsau. <\/p>\n\n\n\n<p>Der Freundeskreis hilft dort, wo andere Kostentr\u00e4ger nicht mehr unterst\u00fctzen. Unsere Hilfe kommt den Menschen mit Behinderung und den Mitarbeitenden zugute. Wir versuchen &#8222;ein bisschen Freude&#8220; zu schenken und das Leben zu erleichtern.<\/p>\n\n\n\n<p>Sitz unseres Vereins ist 91564 Neuendettelsau, Stettiner Stra\u00dfe 7.<\/p>\n\n\n\n<p>Zur Vorstandschaft geh\u00f6ren zurzeit als Vorsitzende Doris Brunner, Stellvertreterin Claudia Klement, Schatzmeisterin Rita K\u00f6nig, Schriftf\u00fchrerin Helga Sch\u00fclein&nbsp;und Beisitzerin Elisabeth Schick.<\/p>\n\n\n\n<p>Die Vorstandschaft engagiert sich v\u00f6llig ehrenamtlich. Jede Spende wird in voller H\u00f6he weitergegeben und kommt dem genannten Personenkreis zugute.<\/p>\n\n\n\n<p>Unser Spendenkonto:<\/p>\n\n\n\n<p>Sparkasse Neuendettelsau<br>BIC: BYLADEM1ANS<br>IBAN: DE81765500000760745588<\/p>\n","protected":false},"excerpt":{"rendered":"<p>Freundeskreis f\u00fcr Menschen mit Behinderung e.V. F\u00f6rderverein f\u00fcr Menschen mit Behinderung im Diakoneo, Dienste f\u00fcr Menschen mit Behinderung, Neuendettelsau Seit \u00fcber 35 Jahren gibt es unseren Freundeskreis f\u00fcr Menschen mit [&hellip;]<\/p>\n","protected":false},"author":1,"featured_media":0,"parent":0,"menu_order":0,"comment_status":"closed","ping_status":"closed","template":"","meta":{"footnotes":""},"class_list":["post-510","page","type-page","status-publish","hentry"],"_links":{"self":[{"href":"https:\/\/www.freundeskreis-menschen-mit-behinderung.de\/index.php?rest_route=\/wp\/v2\/pages\/510","targetHints":{"allow":["GET"]}}],"collection":[{"href":"https:\/\/www.freundeskreis-menschen-mit-behinderung.de\/index.php?rest_route=\/wp\/v2\/pages"}],"about":[{"href":"https:\/\/www.freundeskreis-menschen-mit-behinderung.de\/index.php?rest_route=\/wp\/v2\/types\/page"}],"author":[{"embeddable":true,"href":"https:\/\/www.freundeskreis-menschen-mit-behinderung.de\/index.php?rest_route=\/wp\/v2\/users\/1"}],"replies":[{"embeddable":true,"href":"https:\/\/www.freundeskreis-menschen-mit-behinderung.de\/index.php?rest_route=%2Fwp%2Fv2%2Fcomments&post=510"}],"version-history":[{"count":5,"href":"https:\/\/www.freundeskreis-menschen-mit-behinderung.de\/index.php?rest_route=\/wp\/v2\/pages\/510\/revisions"}],"predecessor-version":[{"id":644,"href":"https:\/\/www.freundeskreis-menschen-mit-behinderung.de\/index.php?rest_route=\/wp\/v2\/pages\/510\/revisions\/644"}],"wp:attachment":[{"href":"https:\/\/www.freundeskreis-menschen-mit-behinderung.de\/index.php?rest_route=%2Fwp%2Fv2%2Fmedia&parent=510"}],"curies":[{"name":"wp","href":"https:\/\/api.w.org\/{rel}","templated":true}]}}